{"id":225699,"date":"2024-06-15T19:43:24","date_gmt":"2024-06-15T19:43:24","guid":{"rendered":"https:\/\/www.totdesign.fi\/?post_type=product&#038;p=225699"},"modified":"2025-01-22T22:08:25","modified_gmt":"2025-01-22T22:08:25","slug":"225699","status":"publish","type":"product","link":"https:\/\/www.totdesign.fi\/index.php\/product\/225699\/","title":{"rendered":"Oversize rento ja tyylik\u00e4s T-paita"},"content":{"rendered":"<p>\u2022 100 % rengaskehr\u00e4tty\u00e4 kampapuuvillaa<br \/>\n\u2022 190 g\/m\u00b2<br \/>\n\u2022 O-kaula-aukko<br \/>\n\u2022 Suora unisex-malli<\/p>\n","protected":false},"excerpt":{"rendered":"<p>Muodikas Oversize-malli, todella mukava ja rento p\u00e4\u00e4ll\u00e4.<\/p>\n<p>\u2022 100 % rengaskehr\u00e4tty\u00e4 kampapuuvillaa<br \/>\n\u2022 190 g\/m\u00b2<br \/>\n\u2022 O-kaula-aukko<br \/>\n\u2022 Suora unisex-malli<\/p>\n<p>&nbsp;<\/p>\n","protected":false},"featured_media":225692,"comment_status":"open","ping_status":"closed","template":"","meta":{"_et_pb_use_builder":"","_et_pb_old_content":"","_et_gb_content_width":"","_monsterinsights_skip_tracking":false,"_monsterinsights_sitenote_active":false,"_monsterinsights_sitenote_note":"","_monsterinsights_sitenote_category":0},"product_brand":[],"product_cat":[36],"product_tag":[29],"class_list":{"0":"post-225699","1":"product","2":"type-product","3":"status-publish","4":"has-post-thumbnail","6":"product_cat-tekstiilit","7":"product_tag-oversize","9":"first","10":"onbackorder","11":"taxable","12":"shipping-taxable","13":"purchasable","14":"product-type-variable"},"aioseo_notices":[],"jetpack_sharing_enabled":true,"_links":{"self":[{"href":"https:\/\/www.totdesign.fi\/index.php\/wp-json\/wp\/v2\/product\/225699"}],"collection":[{"href":"https:\/\/www.totdesign.fi\/index.php\/wp-json\/wp\/v2\/product"}],"about":[{"href":"https:\/\/www.totdesign.fi\/index.php\/wp-json\/wp\/v2\/types\/product"}],"replies":[{"embeddable":true,"href":"https:\/\/www.totdesign.fi\/index.php\/wp-json\/wp\/v2\/comments?post=225699"}],"wp:featuredmedia":[{"embeddable":true,"href":"https:\/\/www.totdesign.fi\/index.php\/wp-json\/wp\/v2\/media\/225692"}],"wp:attachment":[{"href":"https:\/\/www.totdesign.fi\/index.php\/wp-json\/wp\/v2\/media?parent=225699"}],"wp:term":[{"taxonomy":"product_brand","embeddable":true,"href":"https:\/\/www.totdesign.fi\/index.php\/wp-json\/wp\/v2\/product_brand?post=225699"},{"taxonomy":"product_cat","embeddable":true,"href":"https:\/\/www.totdesign.fi\/index.php\/wp-json\/wp\/v2\/product_cat?post=225699"},{"taxonomy":"product_tag","embeddable":true,"href":"https:\/\/www.totdesign.fi\/index.php\/wp-json\/wp\/v2\/product_tag?post=225699"}],"curies":[{"name":"wp","href":"https:\/\/api.w.org\/{rel}","templated":true}]}}